at is the hundreds digit of 1097?
0
What is the tens digit of 316?
1
What is the tens digit of 93?
9
What is the units digit of 5355?
5
What is the tens digit of 231?
3
What is the hundreds digit of 781?
7
What is the hundreds digit of 187?
1
What is the units digit of 3332?
2
What is the thousands digit of 1232?
1
What is the thousands digit of 3118?
3
What is the hundreds digit of 8543?
5
What is the units digit of 2135?
5
What is the tens digit of 16454?
5
What is the units digit of 58832?
2
What is the units digit of 21776?
6
What is the hundreds digit of 1459?
4
What is the units digit of 2606?
6
What is the tens digit of 129049?
4
What is the tens digit of 9921?
2
What is the hundreds digit of 283?
2
What is the ten thousands digit of 62879?
6
What is the tens digit of 412?
1
What is the thousands digit of 5585?
5
What is the tens digit of 144546?
4
What is the units digit of 2223?
3
What is the units digit of 7994?
4
What is the units digit of 39964?
4
What is the ten thousands digit of 67829?
6
What is the hundreds digit of 1790?
7
What is the ten thousands digit of 58008?
5
What is the units digit of 22297?
7
What is the tens digit of 10385?
8
What is the thousands digit of 1144?
1
What is the ten thousands digit of 16083?
1
What is the tens digit of 12271?
7
What is the thousands digit of 94769?
4
What is the thousands digit of 1574?
1
What is the ten thousands digit of 12847?
1
What is the thousands digit of 1082?
1
What is the ten thousands digit of 19427?
1
What is the hundreds digit of 40780?
7
What is the tens digit of 2011?
1
What is the units digit of 20151?
1
What is the units digit of 4386?
6
What is the ten thousands digit of 104534?
0
What is the units digit of 1665?
5
What is the ten thousands digit of 16706?
1
What is the ten thousands digit of 11018?
1
What is the tens digit of 48980?
8
What is the units digit of 97554?
4
What is the units digit of 1495?
5
What is the units digit of 33755?
5
What is the units digit of 107292?
2
What is the tens digit of 3475?
7
What is the tens digit of 27758?
5
What is the units digit of 24957?
7
What is the units digit of 160?
0
What is the thousands digit of 1512?
1
What is the tens digit of 1897?
9
What is the tens digit of 98682?
8
What is the tens digit of 103140?
4
What is the ten thousands digit of 22313?
2
What is the units digit of 8075?
5
What is the hundreds digit of 587?
5
What is the thousands digit of 17147?
7
What is the units digit of 142?
2
What is the units digit of 886?
6
What is the tens digit of 10292?
9
What is the hundreds digit of 111068?
0
What is the hundreds digit of 27976?
9
What is the thousands digit of 7055?
7
What is the units digit of 54852?
2
What is the tens digit of 108?
0
What is the thousands digit of 1135?
1
What is the units digit of 343?
3
What is the units digit of 12816?
6
What is the tens digit of 943?
4
What is the tens digit of 29412?
1
What is the tens digit of 10?
1
What is the hundreds digit of 8635?
6
What is the units digit of 3010?
0
What is the hundreds digit of 6321?
3
What is the tens digit of 51652?
5
What is the ten thousands digit of 47621?
4
What is the ten thousands digit of 13585?
1
What is the tens digit of 3850?
5
What is the tens digit of 1518?
1
What is the thousands digit of 6578?
6
What is the units digit of 13277?
7
What is the units digit of 30880?
0
What is the hundreds digit of 5368?
3
What is the tens digit of 9445?
4
What is the units digit of 14206?
6
What is the hundreds digit of 77096?
0
What is the ten thousands digit of 14359?
1
What is the tens digit of 1241?
4
What is the units digit of 249?
9
What is the tens digit of 70?
7
What is the hundreds digit of 875?
8
What is the thousands digit of 1868?
1
What is the units digit of 1758?
8
What is the hundreds digit of 65366?
3
What is the units digit of 1052?
2
What is the ten thousands digit of 58824?
5
What is the thousands digit of 4761?
4
What is the tens digit of 252?
5
What is the thousands digit of 102209?
2
What is the hundreds digit of 23966?
9
What is the units digit of 1671?
1
What is the units digit of 682?
2
What is the hundreds digit of 3392?
3
What is the tens digit of 438?
3
What is the thousands digit of 10054?
0
What is the thousands digit of 7569?
7
What is the units digit of 2644?
4
What is the thousands digit of 15929?
5
What is the tens digit of 777?
7
What is the hundreds digit of 2058?
0
What is the hundreds digit of 1471?
4
What is the tens digit of 172?
7
What is the thousands digit of 4916?
4
What is the units digit of 9095?
5
What is the units digit of 76?
6
What is the tens digit of 220?
2
What is the thousands digit of 1539?
1
What is the tens digit of 7640?
4
What is the tens digit of 445?
4
What is the hundreds digit of 2361?
3
What is the units digit of 9?
9
What is the ten thousands digit of 12742?
1
What is the units digit of 2934?
4
What is the hundreds digit of 619?
6
What is the thousands digit of 2631?
2
What is the thousands digit of 1840?
1
What is the hundreds digit of 1448?
4
What is the tens digit of 637?
3
What is the units digit of 588?
8
What is the thousands digit of 10904?
0
What is the units digit of 127795?
5
What is the ten thousands digit of 105948?
0
What is the ten thousands digit of 103089?
0
What is the tens digit of 41902?
0
What is the units digit of 467?
7
What is the units digit of 2572?
2
What is the ten thousands digit of 100118?
0
What is the hundreds digit of 5582?
5
What is the thousands digit of 9013?
9
What is the ten thousands digit of 20441?
2
What is the tens digit of 99291?
9
What is the thousands digit of 6698?
6
What is the ten thousands digit of 11200?
1
What is the tens digit of 566?
6
What is the units digit of 7495?
5
What is the ten thousands digit of 14348?
1
What is the hundreds digit of 3108?
1
What is the units digit of 3656?
6
What is the tens digit of 1468?
6
What is the thousands digit of 11114?
1
What is the ten thousands digit of 10012?
1
What is the tens digit of 755?
5
What is the thousands digit of 6748?
6
What is the units digit of 38129?
9
What is the units digit of 35006?
6
What is the thousands digit of 30964?
0
What is the thousands digit of 2624?
2
What is the thousands digit of 3535?
3
What is the hundreds digit of 12553?
5
What is the tens digit of 175548?
4
What is the tens digit of 31320?
2
What is the units digit of 2739?
9
What is the units digit of 72056?
6
What is the units digit of 78787?
7
What is the units digit of 6948?
8
What is the units digit of 1427?
7
What is the units digit of 1505?
5
What is the tens digit of 16418?
1
What is the hundreds digit of 82077?
0
What is the thousands digit of 1042?
1
What is the tens digit of 100?
0
What is the tens digit of 4343?
4
What is the units digit of 128?
8
What is the tens digit of 19760?
6
What is the hundreds digit of 2444?
4
What is the thousands digit of 2818?
2
What is the hundreds digit of 984?
9
What is the ten thousands digit of 53989?
5
What is the units digit of 31365?
5
What is the tens digit of 9645?
4
What is the hundreds digit of 2805?
8
What is the tens digit of 4126?
2
What is the units digit of 83411?
1
What is the units digit of 1428?
8
What is the thousands digit of 51181?
1
What is the tens digit of 38959?
5
What is the hundreds digit of 5307?
3
What is the tens digit of 2971?
7
What is the thousands digit of 4132?
4
What is the tens digit of 7483?
8
What is the units digit of 3131?
1
What is the hundreds digit of 1408?
4
What is the thousands digit of 1159?
1
What is the ten thousands digit of 10054?
1
What is the units digit of 1575?
5
What is the units digit of 248?
8
What is the hundreds digit of 514?
5
What is the thousands digit of 1274?
1
What is the units digit of 201?
1
What is the tens digit of 145524?
2
What is the tens digit of 1082?
8
What is the units digit of 920?
0
What is the ten thousands digit of 22566?
2
What is the ten thousands digit of 67901?
6
What is the units digit of 15151?
1
What is the hundreds digit of 953?
9
What is the units digit of 221?
1
What is the ten thousands digit of 51192?
5
What is the tens digit of 1636?
3
What is the hundreds digit of 6947?
9
What is the hundreds digit of 3363?
3
What is the hundreds digit of 1984?
9
What is the units digit of